y 10145.
84
Calculate the remainder when 26305163 is divided by 7041.
7028
Calculate the remainder when 459697 is divided by 754.
511
What is the remainder when 942894 is divided by 467?
21
What is the remainder when 19501328 is divided by 3250217?
26
What is the remainder when 150158 is divided by 407?
382
What is the remainder when 3075442 is divided by 15377?
42
What is the remainder when 4212 is divided by 573?
201
What is the remainder when 281547 is divided by 22?
13
Calculate the remainder when 2215529 is divided by 2151.
2150
Calculate the remainder when 130071 is divided by 948.
195
Calculate the remainder when 855592 is divided by 3055.
192
What is the remainder when 9018565 is divided by 324?
25
What is the remainder when 2184518 is divided by 34?
18
What is the remainder when 74932 is divided by 1423?
936
Calculate the remainder when 1327237 is divided by 102071.
314
What is the remainder when 1495116 is divided by 440?
436
Calculate the remainder when 4544833 is divided by 38.
33
Calculate the remainder when 2518178 is divided by 2518160.
18
Calculate the remainder when 9207319 is divided by 228.
223
What is the remainder when 17664 is divided by 206?
154
What is the remainder when 1447715 is divided by 53619?
2
What is the remainder when 424629246 is divided by 3577?
3576
Calculate the remainder when 25646705 is divided by 1894.
51
Calculate the remainder when 625064697 is divided by 8319.
8313
Calculate the remainder when 10531864 is divided by 3662.
3614
Calculate the remainder when 9045 is divided by 232.
229
Calculate the remainder when 37454485 is divided by 9828.
9805
Calculate the remainder when 714846 is divided by 451.
11
What is the remainder when 1650273 is divided by 550026?
195
Calculate the remainder when 190561 is divided by 2474.
63
What is the remainder when 286103 is divided by 143023?
57
What is the remainder when 100745 is divided by 72?
17
What is the remainder when 32468068 is divided by 338209?
4
What is the remainder when 12142910 is divided by 115?
60
Calculate the remainder when 36861527 is divided by 30.
17
What is the remainder when 1817644 is divided by 6656?
556
Calculate the remainder when 4856 is divided by 2200.
456
Calculate the remainder when 815955289 is divided by 5098.
5095
What is the remainder when 1635753 is divided by 46?
39
Calculate the remainder when 235574 is divided by 78484.
122
Calculate the remainder when 336874383 is divided by 308.
307
Calculate the remainder when 55308 is divided by 2301.
84
Calculate the remainder when 13059810 is divided by 2611960.
10
Calculate the remainder when 8141109 is divided by 432.
69
What is the remainder when 69425 is divided by 5918?
4327
Calculate the remainder when 56112162 is divided by 56112145.
17
Calculate the remainder when 31103 is divided by 10366.
5
What is the remainder when 198625404 is divided by 39725078?
14
What is the remainder when 252154 is divided by 84008?
130
Calculate the remainder when 3720498 is divided by 66433.
250
What is the remainder when 2323083 is divided by 3040?
523
Calculate the remainder when 260778 is divided by 130293.
192
What is the remainder when 9724 is divided by 141?
136
Calculate the remainder when 24142246 is divided by 78.
76
Calculate the remainder when 44749390 is divided by 47404.
14
Calculate the remainder when 16075 is divided by 3916.
411
Calculate the remainder when 6158 is divided by 5582.
576
What is the remainder when 19203144 is divided by 65?
64
What is the remainder when 16182798 is divided by 873?
870
What is the remainder when 10930227 is divided by 40?
27
What is the remainder when 91728 is divided by 1600?
528
What is the remainder when 433621 is divided by 1408?
1365
Calculate the remainder when 4620441 is divided by 511.
490
What is the remainder when 812427 is divided by 116056?
35
Calculate the remainder when 2701116 is divided by 168816.
60
Calculate the remainder when 3848495 is divided by 7854.
35
Calculate the remainder when 315721 is divided by 30457.
11151
Calculate the remainder when 416838 is divided by 416800.
38
Calculate the remainder when 124860 is divided by 1357.
16
What is the remainder when 1381944 is divided by 450?
444
Calculate the remainder when 5169475 is divided by 128.
67
Calculate the remainder when 1404713 is divided by 41305.
343
Calculate the remainder when 65265 is divided by 8099.
473
What is the remainder when 65815 is divided by 5479?
67
What is the remainder when 3555182 is divided by 607?
590
What is the remainder when 3835244 is divided by 1278393?
65
Calculate the remainder when 13229134 is divided by 2712.
2710
Calculate the remainder when 54756479 is divided by 18252112.
143
What is the remainder when 117207 is divided by 58589?
29
Calculate the remainder when 7763593 is divided by 705780.
13
Calculate the remainder when 3932343 is divided by 65.
38
Calculate the remainder when 493320 is divided by 38.
4
What is the remainder when 692000 is divided by 1214?
20
What is the remainder when 275329 is divided by 91240?
1609
Calculate the remainder when 33354499 is divided by 587.
572
Calculate the remainder when 82746367 is divided by 64.
63
Calculate the remainder when 54739 is divided by 12975.
2839
Calculate the remainder when 2051257 is divided by 410215.
182
What is the remainder when 264395 is divided by 88099?
98
What is the remainder when 23374 is divided by 583?
54
What is the remainder when 44208 is divided by 3395?
73
What is the remainder when 15740934 is divided by 50?
34
Calculate the remainder when 57149 is divided by 9469.
335
What is the remainder when 21596 is divided by 1800?
1796
Calculate the remainder when 732 is divided by 239.
15
Calculate the remainder when 38914137 is divided by 505378.
31
Calculate the remainder when 4724319 is divided by 252.
75
Calculate the remainder when 89245416 is divided by 83.
81
What is the remainder when 1446338 is divided by 722832?
674
Calculate the remainder when 78059 is divided by 5833.
2230
What is the remainder when 1214176 is divided by 1066?
2
Calculate the remainder when 2284718 is divided by 571119.
242
Calculate the remainder when 5284509 is divided by 2190.
39
What is the remainder when 320807 is divided by 33?
14
Calculate the remainder when 25444840 is divided by 5686.
5676
Calculate the remainder when 2687089 is divided by 871.
54
Calculate the remainder when 853263897 is divided by 45.
42
Calculate the remainder when 29034956 is divided by 80.
76
Calculate the remainder when 172636062 is divided by 8307.
8295
What is the remainder when 149041 is divided by 5474?
1243
Calculate the remainder when 157604 is divided by 26219.
290
Calculate the remainder when 1685080 is divided by 1441.
551
Calculate the remainder when 63127 is divided by 3153.
67
What is the remainder when 7450383 is divided by 267?
15
What is the remainder when 1383733 is divided by 87?
85
Calculate the remainder when 281212 is divided by 281200.
12
Calculate the remainder when 1171264 is divided by 1015.
969
What is the remainder when 7433612 is divided by 439?
25
What is the remainder when 982681 is divided by 70190?
21
Calculate the remainder when 11453 is divided by 1883.
155
What is the remainder when 164905929 is divided by 52?
45
What is the remainder when 274913 is divided by 67744?
3937
What is the remainder when 194589 is divided by 931?
10
Calculate the remainder when 860148 is divided by 95.
18
Calculate the remainder when 17188 is divided by 600.
388
What is the remainder when 830252973 is divided by 31?
30
What is the remainder when 240121 is divided by 80001?
118
Calculate the remainder when 775011 is divided by 48330.
1731
Calculate the remainder when 30007968 is divided by 2212.
2188
Calculate the remainder when 160247279 is divided by 60.
59
What is the remainder when 22876747 is divided by 410?
387
What is the remainder when 352083 is divided by 1113?
375
What is the remainder when 48804095 is divided by 106?
105
What is the remainder when 556378 is divided by 30886?
430
What is the remainder when 15374320 is divided by 480?
400
What is the remainder when 2589213 is divided by 295?
293
Calculate the remainder when 16119 is divided by 92.
19
Calculate the remainder when 20992738 is divided by 